{"id":1805,"date":"2017-06-09T09:52:16","date_gmt":"2017-06-09T09:52:16","guid":{"rendered":"http:\/\/themes.axilweb.com\/wp\/cynic\/modern-big-digital-agency\/?page_id=2"},"modified":"2022-10-18T01:50:53","modified_gmt":"2022-10-17T23:50:53","slug":"home","status":"publish","type":"page","link":"https:\/\/techview.agency\/index.php\/home\/","title":{"rendered":"Techview Agency"},"content":{"rendered":"<p>[vc_row][vc_column][vc_column_text][rev_slider alias=&#8221;homepage&#8221;][\/rev_slider][\/vc_column_text][\/vc_column][\/vc_row][vc_row full_width=&#8221;stretch_row&#8221; el_class=&#8221;clients&#8221;][vc_column][cynic_brands][cynic_brand image=&#8221;2148&#8243;][cynic_brand image=&#8221;2149&#8243;][cynic_brand image=&#8221;2150&#8243;][cynic_brand image=&#8221;2151&#8243;][cynic_brand image=&#8221;2152&#8243;][cynic_brand image=&#8221;2153&#8243;][cynic_brand image=&#8221;2147&#8243;][\/cynic_brands][\/vc_column][\/vc_row][vc_row el_class=&#8221;bg-white services&#8221;][vc_column][cynic_global_heading cynic_global_heading=&#8221;Services que nous offrons&#8221;][vc_row_inner][vc_column_inner width=&#8221;1\/3&#8243;][cynic_home_service title=&#8221;Cr\u00e9ation de sites Web&#8221; menulists=&#8221;1818,489,484,485,486&#8243; icon_linearicons=&#8221;icon-palette&#8221;]Nous sommes est la r\u00e9f\u00e9rence en mati\u00e8re de communication num\u00e9rique ! Nous proposons des solutions adapt\u00e9es aux besoins des petites et moyennes entreprises.[\/cynic_home_service][\/vc_column_inner][vc_column_inner width=&#8221;1\/3&#8243;][cynic_home_service title=&#8221;Developement&#8221; menulists=&#8221;497,1819,496&#8243; icon_linearicons=&#8221;icon-laptop-phone&#8221;]We design professional looking yet simple websites. Our designs are search engine and user friendly.[\/cynic_home_service][\/vc_column_inner][vc_column_inner width=&#8221;1\/3&#8243;][cynic_home_service title=&#8221;Online Marketing&#8221; menulists=&#8221;70,69,503,502,1820&#8243; icon_linearicons=&#8221;icon-smartphone-embed&#8221;]From simple Content Management System to complex eCommerce developer, we cover it all.[\/cynic_home_service][\/vc_column_inner][vc_column_inner width=&#8221;1\/3&#8243;][cynic_home_service title=&#8221;Business&#8221; menulists=&#8221;1964,1960,1961,1962&#8243; icon_linearicons=&#8221;icon-puzzle&#8221;]From simple Content Management System to complex eCommerce developer, we cover it all.[\/cynic_home_service][\/vc_column_inner][vc_column_inner width=&#8221;1\/3&#8243;][cynic_home_service title=&#8221;Technology&#8221; menulists=&#8221;2037,1963&#8243; icon_linearicons=&#8221;icon-cloud-upload&#8221;]From simple Content Management System to complex eCommerce developer, we cover it all.[\/cynic_home_service][\/vc_column_inner][\/vc_row_inner][\/vc_column][\/vc_row][vc_row el_id=&#8221;portfolio&#8221; el_class=&#8221;bg-white portfolio small-agency-portfolio featured-design-section&#8221;][vc_column][cynic_global_heading cynic_global_heading=&#8221;Our Impressive Portfolio&#8221;][cynic_modern_impressive_portfolio portfolio_param=&#8221;facebook,square,cisco,vmware,vimeo,tableau-software&#8221; order=&#8221;DESC&#8221; button_text=&#8221;Discover More&#8221; internal_link=&#8221;portfolio&#8221;][\/vc_column][\/vc_row][vc_row full_width=&#8221;stretch_row_content_no_spaces&#8221;][vc_column][cynic_onepage_ccs_slider][cynic_onepage_ccs_slide bg_image=&#8221;2901&#8243; right_image=&#8221;2170&#8243; title=&#8221;Make Your Business Go Online Today!&#8221; regular_text=&#8221;We helped David sell his incredible art collections through his personalized website. He left his boring job and embraced his dream career with little help from us.&#8221; pagi_avatar=&#8221;2169&#8243; custom_link_text=&#8221;WATCH JESSICA&#8217;S JOURNEY&#8221; custom_link=&#8221;https:\/\/www.youtube.com\/watch?v=uH0UQl5JC2c&#8221;][cynic_onepage_ccs_slide bg_image=&#8221;2903&#8243; right_image=&#8221;2174&#8243; title=&#8221;Make Your Business Go Online Today!&#8221; regular_text=&#8221;We helped David sell his incredible art collections through his personalized website. He left his boring job and embraced his dream career with little help from us.&#8221; pagi_avatar=&#8221;2175&#8243; custom_link_text=&#8221;WATCH DAVID&#8217;S JOURNEY&#8221; custom_link=&#8221;https:\/\/www.youtube.com\/watch?v=zpLVsR8cSFo&#8221;][cynic_onepage_ccs_slide bg_image=&#8221;2904&#8243; right_image=&#8221;2177&#8243; title=&#8221;Make Your Business Go Online Today!&#8221; regular_text=&#8221;We helped David sell his incredible art collections through his personalized website. He left his boring job and embraced his dream career with little help from us.&#8221; pagi_avatar=&#8221;2178&#8243; custom_link_text=&#8221;WATCH OLIVIA&#8217;S JOURNEY&#8221; custom_link=&#8221;https:\/\/www.youtube.com\/watch?v=K4wEI5zhHB0&#8243;][\/cynic_onepage_ccs_slider][\/vc_column][\/vc_row][vc_row el_class=&#8221;why-us common-form-section o-hidden&#8221;][vc_column][cynic_global_heading cynic_global_heading=&#8221;Reasons for Choosing Us&#8221;][\/vc_column][vc_column width=&#8221;7\/12&#8243; offset=&#8221;vc_col-lg-7 vc_col-md-7 vc_col-xs-12&#8243;][vc_column_text]<\/p>\n<h3 class=\"semi-bold\">We Lead from the Front<\/h3>\n<p class=\"regular-text\">Lorem ipsum dolor sit amet, consectetuer adipiscing elit, sed diam nonummy nibh euismod tincidunt ut laoreet dolore magna aliquam erat volutpat. Ut wisi enim ad minim veniam, quis nostrud exerci tation ullamcorper suscipit lobortis nisl ut aliquip ex ea commodo consequat. Consectetuer adipiscing elit, sed diam nonummy nibh euismod tincidunt ut laoreet dolore magna aliquam erat volutpat.<\/p>\n<ul>\n<li><span class=\"icon-man\">\u00ad<\/span>Expert guidance to build your start-up.<\/li>\n<li><span class=\"icon-bag-dollar\">\u00ad<\/span>Save time, resource and money!<\/li>\n<li><span class=\"icon-golf2\">\u00ad<\/span>Create endless business possibilites!<\/li>\n<\/ul>\n<p class=\"regular-text\">Lorem ipsum dolor sit amet, consectetuer adipiscing elit, sed diam nonummy nibh euismod tincidunt ut laoreet dolore magna. Quis nostrud exerci tation ullamcorper suscipit lobortis nisl ut aliquip ex ea commodo consequat. Dolor sit amet, consectetuer adipiscing elit, sed diam nonummy nibh euismod tincidunt ut laoreet dolore magna aliquam erat volutpat.<\/p>\n<p>[\/vc_column_text][\/vc_column][vc_column width=&#8221;5\/12&#8243; offset=&#8221;vc_col-lg-offset-1 vc_col-lg-4 vc_col-md-offset-1 vc_col-md-4 vc_col-xs-12&#8243;]<p class=\"wpcf7-contact-form-not-found\"><strong>Erreur\u00a0:<\/strong> Formulaire de contact non trouv\u00e9\u00a0!<\/p>[\/vc_column][\/vc_row][vc_row full_width=&#8221;stretch_row&#8221; el_class=&#8221;success-number bg_fixed&#8221; css=&#8221;.vc_custom_1515003226839{background-image: url(http:\/\/themes.axilweb.com\/wp\/cynic\/modern-big-digital-agency\/wp-content\/uploads\/2017\/06\/success-number-img-1.jpg?id=2181) !important;}&#8221;][vc_column][cynic_global_heading cynic_global_heading=&#8221;Success In Numbers&#8221;][vc_row_inner][vc_column_inner width=&#8221;1\/3&#8243;]        <div class=\"col-4\">\r\n            <div class=\"counter-block d-flex align-items-center justify-content-center\">\r\n                <div class=\"icon-container\">\r\n                    <img decoding=\"async\" src=\"\" alt=\"\">\r\n                <\/div>\r\n                <!-- End of .icon-container -->\r\n                <div class=\"counter-wrapper\">\r\n                    <div class=\"number\">\r\n                        <span class=\"counter\">290<\/span>+\r\n                    <\/div>\r\n                    <!-- End of .number -->\r\n                    Happy Clients                <\/div>\r\n                <!-- End of .counter-wrapper -->\r\n            <\/div>\r\n            <!-- End of .counter-block -->\r\n        <\/div>\r\n        <!-- End of .col-4 -->\r\n        [\/vc_column_inner][vc_column_inner width=&#8221;1\/3&#8243;]        <div class=\"col-4\">\r\n            <div class=\"counter-block d-flex align-items-center justify-content-center\">\r\n                <div class=\"icon-container\">\r\n                    <img decoding=\"async\" src=\"\" alt=\"\">\r\n                <\/div>\r\n                <!-- End of .icon-container -->\r\n                <div class=\"counter-wrapper\">\r\n                    <div class=\"number\">\r\n                        <span class=\"counter\">321<\/span>+\r\n                    <\/div>\r\n                    <!-- End of .number -->\r\n                    Projects Completed                <\/div>\r\n                <!-- End of .counter-wrapper -->\r\n            <\/div>\r\n            <!-- End of .counter-block -->\r\n        <\/div>\r\n        <!-- End of .col-4 -->\r\n        [\/vc_column_inner][vc_column_inner width=&#8221;1\/3&#8243;]        <div class=\"col-4\">\r\n            <div class=\"counter-block d-flex align-items-center justify-content-center\">\r\n                <div class=\"icon-container\">\r\n                    <img decoding=\"async\" src=\"\" alt=\"\">\r\n                <\/div>\r\n                <!-- End of .icon-container -->\r\n                <div class=\"counter-wrapper\">\r\n                    <div class=\"number\">\r\n                        <span class=\"counter\">21400<\/span>+\r\n                    <\/div>\r\n                    <!-- End of .number -->\r\n                    Tasks Completed                <\/div>\r\n                <!-- End of .counter-wrapper -->\r\n            <\/div>\r\n            <!-- End of .counter-block -->\r\n        <\/div>\r\n        <!-- End of .col-4 -->\r\n        [\/vc_column_inner][\/vc_row_inner][\/vc_column][\/vc_row][vc_row el_class=&#8221;bg-white testimonial&#8221;][vc_column][cynic_global_heading cynic_global_heading=&#8221;Meet Our Happy Customers&#8221;][vc_row_inner el_class=&#8221;row grid&#8221;][vc_column_inner]                <div class=\"container\">\r\n                    <div class=\"grid-wrapper\">\r\n                        <div class=\"row justify-content-center\">\r\n                                                            <div class=\"col-lg-4 col-md-6\">\r\n                                    <div class=\"img-card review-card text-left\">\r\n                                        <div class=\"media align-items-center\">\r\n                                                                                        <div class=\"media-body\">\r\n                                                <h5>Exellent Service<\/h5>\r\n                                                <p>Facebook<\/p>\r\n                                            <\/div>\r\n                                        <\/div>\r\n                                        <p class=\"regular-text\">Your brand is how your customers see an your business. It\u2019s shaped by the way you represent yourself \u2013 professiona, socially and visually. It\u2019s what makes you unique.<\/p>\r\n                                    <\/div>\r\n                                    <!-- End of .content -->\r\n                                <\/div>\r\n                                <!-- End of .col-sm-4 -->\r\n                                                                <div class=\"col-lg-4 col-md-6\">\r\n                                    <div class=\"img-card review-card text-left\">\r\n                                        <div class=\"media align-items-center\">\r\n                                                                                        <div class=\"media-body\">\r\n                                                <h5>This is a Quick, Effective Team<\/h5>\r\n                                                <p>Sistech IT<\/p>\r\n                                            <\/div>\r\n                                        <\/div>\r\n                                        <p class=\"regular-text\">Agency transformed our website into a vital part of our sales, then tailored a seo campaign, which has doubled our traffic from a year ago.<\/p>\r\n                                    <\/div>\r\n                                    <!-- End of .content -->\r\n                                <\/div>\r\n                                <!-- End of .col-sm-4 -->\r\n                                                                <div class=\"col-lg-4 col-md-6\">\r\n                                    <div class=\"img-card review-card text-left\">\r\n                                        <div class=\"media align-items-center\">\r\n                                                                                        <div class=\"media-body\">\r\n                                                <h5>Thanks to Digital Marketo<\/h5>\r\n                                                <p>Samsung<\/p>\r\n                                            <\/div>\r\n                                        <\/div>\r\n                                        <p class=\"regular-text\">Amazing theme and top class support, as I\u2019m a beginner, They helped me above agenuine care for you to enjoy and move The theme and author!<\/p>\r\n                                    <\/div>\r\n                                    <!-- End of .content -->\r\n                                <\/div>\r\n                                <!-- End of .col-sm-4 -->\r\n                                                        <\/div>\r\n                    <\/div>\r\n                <\/div>\r\n                [\/vc_column_inner][\/vc_row_inner][\/vc_column][\/vc_row][vc_row el_class=&#8221;bg-white blogs&#8221;][vc_column][cynic_global_heading cynic_global_heading=&#8221;Latest News&#8221;][cynic_onepage_blog_grids blog_functionality=&#8221;2&#8243; internal_link=&#8221;84&#8243; button_text=&#8221;READ MORE NEWS&#8221;][\/vc_column][\/vc_row]<\/p>\n","protected":false},"excerpt":{"rendered":"<p>[vc_row][vc_column][vc_column_text][rev_slider alias=&#8221;homepage&#8221;][\/rev_slider][\/vc_column_text][\/vc_column][\/vc_row][vc_row full_width=&#8221;stretch_row&#8221; el_class=&#8221;clients&#8221;][vc_column][cynic_brands][cynic_brand image=&#8221;2148&#8243;][cynic_brand image=&#8221;2149&#8243;][cynic_brand image=&#8221;2150&#8243;][cynic_brand image=&#8221;2151&#8243;][cynic_brand image=&#8221;2152&#8243;][cynic_brand image=&#8221;2153&#8243;][cynic_brand image=&#8221;2147&#8243;][\/cynic_brands][\/vc_column][\/vc_row][vc_row el_class=&#8221;bg-white services&#8221;][vc_column][cynic_global_heading cynic_global_heading=&#8221;Services que nous offrons&#8221;][vc_row_inner][vc_column_inner width=&#8221;1\/3&#8243;][cynic_home_service title=&#8221;Cr\u00e9ation de sites Web&#8221; menulists=&#8221;1818,489,484,485,486&#8243; icon_linearicons=&#8221;icon-palette&#8221;]Nous sommes est la r\u00e9f\u00e9rence en mati\u00e8re de communication num\u00e9rique ! Nous proposons des solutions adapt\u00e9es aux besoins des petites et moyennes entreprises.[\/cynic_home_service][\/vc_column_inner][vc_column_inner width=&#8221;1\/3&#8243;][cynic_home_service title=&#8221;Developement&#8221; menulists=&#8221;497,1819,496&#8243; icon_linearicons=&#8221;icon-laptop-phone&#8221;]We design professional looking yet simple<\/p>\n","protected":false},"author":1,"featured_media":0,"parent":0,"menu_order":0,"comment_status":"closed","ping_status":"open","template":"template-modernpage.php","meta":{"footnotes":""},"class_list":["post-1805","page","type-page","status-publish","hentry"],"_links":{"self":[{"href":"https:\/\/techview.agency\/index.php\/wp-json\/wp\/v2\/pages\/1805","targetHints":{"allow":["GET"]}}],"collection":[{"href":"https:\/\/techview.agency\/index.php\/wp-json\/wp\/v2\/pages"}],"about":[{"href":"https:\/\/techview.agency\/index.php\/wp-json\/wp\/v2\/types\/page"}],"author":[{"embeddable":true,"href":"https:\/\/techview.agency\/index.php\/wp-json\/wp\/v2\/users\/1"}],"replies":[{"embeddable":true,"href":"https:\/\/techview.agency\/index.php\/wp-json\/wp\/v2\/comments?post=1805"}],"version-history":[{"count":11,"href":"https:\/\/techview.agency\/index.php\/wp-json\/wp\/v2\/pages\/1805\/revisions"}],"predecessor-version":[{"id":2938,"href":"https:\/\/techview.agency\/index.php\/wp-json\/wp\/v2\/pages\/1805\/revisions\/2938"}],"wp:attachment":[{"href":"https:\/\/techview.agency\/index.php\/wp-json\/wp\/v2\/media?parent=1805"}],"curies":[{"name":"wp","href":"https:\/\/api.w.org\/{rel}","templated":true}]}}